 factors of r(1)?
3, 23
Let d(y) = -y**3 - 20*y**2 - 18*y + 6. Let o be d(-19). Let c be 12/(-36) - o/3. Suppose 0 = 2*b - c. List the prime factors of b.
2
List the prime factors of -5 - (-4 + 3) - -139.
3, 5
Let p(w) = 4*w**3 - w**2 + 2*w - 1. Let y be p(1). Let d(b) = -b**2 + 4*b. Let h be d(y). Suppose -i - 4*i + 260 = h. What are the prime factors of i?
2, 13
Suppose -3*b + 9 = -3*h, 5*h = -5*b - 0*h + 5. Suppose p + 3*q = 108, -5*p + b*q + 570 = 7*q. What are the prime factors of p?
3, 13
Let n(a) = -a**3 + 14*a**2 - 13*a + 4. Let q be n(13). Let t be (5/q)/(1/36). What are the prime factors of t*3/(-18)*-2?
3, 5
Let a = -7 + 11. Suppose -b + a*b = 0. Suppose 2*j + 38 = q, 3*j = q - b*j - 39. List the prime factors of q.
2, 3
Let f = 1680 - 381. List the prime factors of f.
3, 433
Let j(n) = -7*n**3 - 10*n**2 - 4*n + 9. Let k(f) = -f**3 - f**2 - f + 1. Let l(m) = j(m) - 6*k(m). Let s be l(-5). What are the prime factors of 12*2/s*3?
2
Suppose -v = -1 - 2. Suppose v*b - 371 = 112. What are the prime factors of b?
7, 23
Let p(j) = 204*j**2 - 27*j + 92. What are the prime factors of p(5)?
13, 389
Suppose -3*f = y + 112, 0*y + 2*y + 4*f = -214. Let p = -76 - y. What are the prime factors of p?
3, 7
Let p be -1 + 7/(7/3). Let m(i) = -i**3 + 5 + 5*i**p - 5 + 2. List the prime factors of m(4).
2, 3
Suppose 4*a - 3*a = -3*o + 4, 2*o + 8 = 2*a. Suppose o = -5*y + 496 + 54. List the prime factors of y.
2, 5, 11
Let j(v) = v**2 - 5*v - 10. Let c be j(7). Suppose 2*k - 2*i + 4 = 2*i, 0 = -2*i + c. List the prime factors of k.
2
Suppose 3*j = 5*b - 15 + 65, b = -4. Let g = -11 + j. What are the prime factors of (9/2 + g)*2?
7
Let i(t) be the second derivative of t**3/6 + 5*t**2/2 - 4*t. Let l be i(-2). Suppose l*h + 0*k = 5*k + 68, -4 = -2*k. List the prime factors of h.
2, 13
Let q be -122*((-25)/10 + 2). Suppose 0*h = -h + q. What are the prime factors of h?
61
List the prime factors of (1196/(-104))/(1 + 5/(-4)).
2, 23
Suppose 900 = 5*b - 15. List the prime factors of b.
3, 61
Suppose -4*i - 304 = -n, -2*n - 3*i + 0*i = -553. Let c = n + -196. List the prime factors of c.
2, 11
Let u be -6 - -10 - (-1)/(-1). Let w = 2 - -2. Suppose -w*r = -2*r + u*l - 13, 4*l + 34 = 2*r. List the prime factors of r.
11
Suppose -5 = 2*i - 5*d, 3*i - i + 2*d - 2 = 0. Suppose 0 = u - i - 2. Suppose u*w = -5*p + 106, -w - 2 + 85 = -5*p. List the prime factors of w.
3, 7
Let z(c) = c**2 - 14*c + 15. Let f be z(13). Suppose -3*t + 245 = f*t. List the prime factors of t.
7
What are the prime factors of (-7 - 105/(-7)) + 1845?
17, 109
Let k(o) = o**3 - 2*o**2 + 3*o. Let h be k(2). Let f(l) = 2 - h*l + 4 + l. List the prime factors of f(-6).
2, 3
Let r = 44 + -66. Let p = r - -74. List the prime factors of p.
2, 13
Suppose -n + 5*x + 462 = 2*x, 4*n = 4*x + 1880. What are the prime factors of n?
2, 3, 79
Suppose 3*j - 1371 = -b + 5*b, -3*b - 4*j - 1047 = 0. Let v = -178 - b. List the prime factors of v.
167
Let g = -7 - -10. Suppose 3*p + 3 + g = 0, 0 = -5*y + 3*p + 1581. What are the prime factors of 4/6*y/6?
5, 7
Suppose -13 = -5*g + 7. Suppose 422 = -g*r + 1282. What are the prime factors of r?
5, 43
Let f(t) = 3*t**2 - 11. Suppose -8*z = -9*z - 5. List the prime factors of f(z).
2
Suppose 84 + 36 = 5*g. Let f = g + 36. List the prime factors of f.
2, 3, 5
Suppose -25*q = 27*q - 65104. What are the prime factors of q?
2, 313
Let m = -11 - -14. Let z(d) = -2*d**2 + 5*d - 4. Let h be z(m). Let x = -5 - h. List the prime factors of x.
2
What are the prime factors of (-6 - 2438/8)/(2/(-8))?
11, 113
Let p = 173 - 101. Let r = 128 - p. What are the prime factors of r?
2, 7
Let x = 49 + -49. Suppose -9*a - 25 + 277 = x. What are the prime factors of a?
2, 7
Let f = -146 + 281. Let j = 251 - f. What are the prime factors of j?
2, 29
Let w(q) = q**3 + 7*q**2 + 6*q + 4. Let m be w(-5). Let r(f) = 8*f**2 - 2*f**3 + 26*f - m*f - 3 + 3*f**3. What are the prime factors of r(-7)?
2
Let f be (3 + -1)*(-7 + 35/14). Suppose 3*x = 8*x + 75. Let b = f - x. What are the prime factors of b?
2, 3
Suppose -h - 3*h = 5*a + 9, 3*h - 2*a = -1. List the prime factors of (h + 0)/(3*(-2)/390).
5, 13
Let f(d) = 7*d - d**3 - 4 + 2*d**2 + 7 - 3*d**3. What are the prime factors of f(-4)?
263
Let n = -704 - -1722. List the prime factors of n.
2, 509
Let x(o) = -o - 3. Let u be x(4). Let t be (72/84)/((-2)/u). Let d = 28 + t. What are the prime factors of d?
31
Let u(t) = 154*t**2 - t. List the prime factors of u(-2).
2, 3, 103
Suppose 20*w = 25*w - 3210. List the prime factors of w.
2, 3, 107
Let b(v) = v**3 - 9*v**2 - 8*v - 9. Let j be b(10). Let u = j + -9. List the prime factors of ((-370)/15)/(u/(-3)).
37
Let v = 94 + -90. Suppose v*k + 108 = z + k, -3*z + 5*k + 332 = 0. List the prime factors of z.
2, 3, 19
List the prime factors of 17/(34/876) - 4/(-2).
2, 5, 11
Let o = 30 - 21. Suppose -4*p = -23 - o. Suppose 3*m - 9 = -x, -5*m + x = -7 - p. List the prime factors of m.
3
Suppose -62 + 17 = -5*w. Let b be 2*(w/(-2))/3. Let k = 13 - b. List the prime factors of k.
2
Let u = -331 - -508. List the prime factors of u.
3, 59
Let h(b) = 21*b**2. Let a = 6 + -7. What are the prime factors of h(a)?
3, 7
Let d = -72 - -22. Let n = 85 + d. Let m = n + -18. List the prime factors of m.
17
Suppose -2*r + 5*n = -2583, 56*n - 57*n = 5. What are the prime factors of r?
1279
Let d = -42 + 44. What are the prime factors of ((-14)/49)/(d/(-98))?
2, 7
Suppose -4*p + 5*b + 57 = 0, 2*b + 9 = 3*p + 5*b. Let g(q) = 3*q**2 - 13*q + 13. List the prime factors of g(p).
101
Let m(w) = 12*w - 60. Let d be m(9). Suppose d*q - 990 = 43*q. What are the prime factors of q?
2, 3, 11
Suppose 289428 = 114*j - 25*j. List the prime factors of j.
2, 3, 271
Suppose 116875 + 36627 = 94*f. List the prime factors of f.
23, 71
Let a = 45 - 17. Let i = a + -26. Suppose i*h + 39 = 3*h. What are the prime factors of h?
3, 13
Suppose -8 - 4 = -4*w - 2*a, 0 = w - 5*a + 8. Let y(k) = -13*k - k - 12*k + 1 + w*k. What are the prime factors of y(-3)?
73
Let b(o) = -32*o**2 - 6*o**2 + o**2. Let x be b(-1). Let h = -19 - x. What are the prime factors of h?
2, 3
Let a be 61*((-4)/(-1 - -3))/2. Let z = -35 - a. What are the prime factors of z?
2, 13
Suppose -2*h = 3*h + 10. List the prime factors of (9/1)/((-2)/h).
3
Suppose 38 = 3*i - 4*i. Let r = -11 - i. Suppose 0 = -5*s - 4*j + 8 + 103, 2*j - r = -s. What are the prime factors of s?
19
Let k(o) = -o**2 + 8*o - 9. Let c be k(7). Let v be (c - (-8 + -1))/(-1). What are the prime factors of (14/v)/((-2)/6)?
2, 3
Let u = 59 + 15. Let w = 158 - u. List the prime factors of w.
2, 3, 7
Let j(p) = 0 - 3*p + 0 - 3 + 9*p**2 + 2. Let g be j(-2). Suppose -5*u - 2*l + 68 = -g, -3*l + 83 = 4*u. What are the prime factors of u?
23
Let z(w) = 2*w - 1. Let j be z(4). Suppose -5*r + 23 = 3*h, r + j*h = 3*h + 8. Suppose 0 = r*s - 1 - 27. List the prime factors of s.
7
Suppose -2*t = 6*t - 3*t. Suppose t = -16*x + 17*x - 105. What are the prime factors of x?
3, 5, 7
Let b(f) = 3*f**2 - 19*f - 73. List the prime factors of b(16).
17, 23
Let r(v) = -v**3 - 3*v. Let n be r(2). Let d = -10 + n. Let g = d - -52. What are the prime factors of g?
2, 7
Suppose 2*l + l - 15 = 0. Suppose -990 = -l*n - n. Suppose r + 4*r - n = 0. What are the prime factors of r?
3, 11
Let d(r) = r**3 + 22*r**2 + 21*r - 34. What are the prime factors of d(-19)?
2, 5, 13
Let g(h) = -33*h + 72. What are the prime factors of g(-5)?
3, 79
What are the prime factors of -1*(8/(-24) - 410/3)?
137
Let o(n) = n**3 + 5*n**2 - 6*n + 5. Let i be o(-6). Suppose -3*h - i*m + 93 = 0, h - 62 = -h - 3*m. List the prime factors of h.
31
Let w be 195/27 + (-6)/27. Let o(a) = -2*a**2 + 24*a - 10. List the prime factors of o(w).
2, 3, 5
Suppose 6*p - 3*p - 219 = 0. Suppose -f + p = 1. List the prime factors of f.
2, 3
Let o = -7 + 9. Suppose 4*w = o*u - 78, 5*w + 2*u = u - 108. Let k = 43 + w. List the prime factors of k.
2, 11
Suppose -3113 - 15843 = -7*h. List the prime factors of (-4 + 3)/(4 + h/(-676)).
13
List the prime factors of 4933700/1000 + (-6)/(-20).
2, 2467
Suppose 13*g - 5*g = 24. What are the prime factors of 1/6*g - (-681)/6?
2, 3, 19
Suppose h + y = -2, 2*h + 3 = -5*y - 1. List the prime factors of (-4)/((-2)/h)*-4.
2
Let o = 25 - 19. Suppose o*l